at is r(191)?
24
Let i(h) = -h**3 - 50*h**2 + 3423*h + 168908. What is i(-48)?
-4
Let t(d) = -3*d**2 - 435*d + 1107. Give t(0).
1107
Let m(u) = 9*u**2 - 752*u + 449. Give m(83).
34
Let f(i) = i**3 + 135*i**2 + 2472*i + 10090. Determine f(-15).
10
Let r(n) = 1223*n**3 - 56*n + 54. Give r(1).
1221
Let t(m) = -3*m**2 - 35941*m - 251404. Calculate t(-7).
36
Let u(j) = 3143*j + 594031. Give u(-189).
4
Let w(l) = -19298*l - 1254371. Give w(-65).
-1
Let m(r) = -546*r + 78427. Calculate m(144).
-197
Let l(c) = -3671*c**2 + 1632*c + 1. Calculate l(1).
-2038
Let o(b) = 576*b - 3570. Determine o(6).
-114
Let r(a) = 861*a + 2569. Calculate r(-3).
-14
Let l(m) = -22*m - 16411. Give l(-746).
1
Let n(r) = -139293*r + 2367954. What is n(17)?
-27
Let c(a) = -2*a**3 - 12*a**2 - 69*a - 85. Give c(-3).
68
Let u(r) = -r**2 + 313*r - 17998. Give u(70).
-988
Let j(y) = -2*y**2 + 3034*y - 337839. Give j(121).
-7
Let p(t) = 108*t**2 - 33*t + 2. Give p(-2).
500
Let x(g) = 1525*g + 10483. Determine x(-7).
-192
Let v(r) = -10485*r + 608097. Determine v(58).
-33
Let v(z) = 11156*z + 23249100. Determine v(-2084).
-4
Let n(t) = -t**3 + 88*t**2 - 584*t + 1232. Determine n(81).
-145
Let p(l) = 7*l**3 + 1913*l**2 + 534*l - 3277. Calculate p(-273).
-1
Let a(w) = 34*w**2 + 4977*w + 6812. Give a(-145).
-3
Let b(u) = -u**2 + 127*u + 24893. Calculate b(-102).
1535
Let n(x) = x**2 + 3321*x + 198857. Calculate n(-61).
-3
Let f(g) = -76*g**2 - 2129*g + 384. What is f(-30)?
-4146
Let i(d) = d**3 - 7*d**2 + 167*d - 1382. Determine i(8).
18
Let n(o) = 25*o**2 - 373*o - 99. Calculate n(16).
333
Let i(l) = -1279*l + 14976. Calculate i(9).
3465
Let o(f) = -f**3 - 55*f**2 - 2*f - 12. Give o(0).
-12
Let x(h) = -59551*h + 238221. Give x(4).
17
Let d(b) = -220*b**3 - 93719*b**2 + 423*b - 1300. Give d(-426).
-22
Let l(o) = -4*o**3 - 1592*o**2 - 45*o - 17910. Determine l(-398).
0
Let h(l) = -l**3 - 40*l**2 + 478*l - 1459. Give h(5).
-194
Let m(d) = 2*d**2 - 82*d - 440. Calculate m(-5).
20
Let n(o) = 3*o**3 + 37*o**2 + 227*o - 4434. Determine n(7).
-3
Let c(s) = -37*s**3 - 6*s**2 - 69*s + 73. What is c(1)?
-39
Let a(n) = -n**3 - 107*n**2 - 1471*n - 1310. Determine a(-91).
55
Let i(y) = 2*y**3 - 548*y**2 - 3323*y + 12. Determine i(-6).
-210
Let w(x) = -218026*x - 113155492. Give w(-519).
2
Let o(i) = -2*i**3 + 34*i**2 + 696*i + 67. Calculate o(29).
67
Let s(l) = l**3 + 96*l**2 - 96*l - 216. Calculate s(-97).
-313
Let c(i) = -53*i**2 + 1181*i - 5781. Calculate c(15).
9
Let m(r) = -2*r**3 + 9*r**2 + 300*r + 73. Determine m(15).
-152
Let f(c) = 20*c**2 - 714*c + 459. Calculate f(41).
4805
Let p(l) = -l**3 + 4*l**2 - 2953*l + 14726. Determine p(5).
-64
Let k(z) = -253*z + 126851. Determine k(506).
-1167
Let k(q) = -721*q - 16596. Give k(-24).
708
Let z(j) = j**3 - 21*j**2 - 57*j + 1053. Give z(20).
-487
Let x(j) = j**3 - 25*j**2 + 3709*j - 142048. What is x(35)?
17
Let q(a) = -7*a**2 + 399*a + 2903. Determine q(-7).
-233
Let f(y) = -13*y**3 - 21*y**2 + 15*y - 37. Calculate f(-6).
1925
Let m(d) = 47*d + 4268. Calculate m(-91).
-9
Let k(o) = -o**3 + 25*o**2 - 8*o - 961. What is k(23)?
-87
Let a(q) = 125*q**2 - 1563*q + 3933. Determine a(9).
-9
Let p(d) = 6087*d - 18314. What is p(3)?
-53
Let s(c) = -c**3 + 127*c**2 - 3964*c + 243. Determine s(72).
-45
Let m(a) = 124289*a + 621478. Give m(-5).
33
Let s(l) = 1177*l**2 + 43548*l - 41. Determine s(-37).
-4
Let l(a) = 10629*a + 318929. Determine l(-30).
59
Let a(h) = 630*h**2 - 203*h - 204. Give a(-1).
629
Let l(v) = -796*v**2 + 2558*v - 490. Give l(3).
20
Let l(q) = -5*q**3 + 5*q**2 - 49*q - 194. Determine l(-7).
2109
Let o(x) = 74*x**2 - 26778*x - 3624. What is o(362)?
-4
Let a(i) = 104*i**2 + 807*i + 1065. Calculate a(-6).
-33
Let i(n) = 9*n**2 + 1394*n - 203. Calculate i(-155).
-48
Let i(g) = 15*g + 686. Give i(-50).
-64
Let x(y) = 22*y**3 + 968*y**2 - 6*y - 97. Give x(-44).
167
Let m(o) = -137*o - 1414. Give m(-10).
-44
Let w(h) = -751*h - 24069. Calculate w(-32).
-37
Let t(h) = 2*h**2 + 128*h - 9490. Calculate t(-112).
1262
Let b(q) = 274352*q + 3292247. Give b(-12).
23
Let f(x) = -27*x**3 - 486*x**2 - 127. What is f(-18)?
-127
Let u(n) = -2308*n - 1121682. Calculate u(-486).
6
Let z(u) = 3*u**3 - 13*u**2 + 305*u - 593. Calculate z(2).
-11
Let n(c) = -30928*c + 8350557. Give n(270).
-3
Let n(k) = 370*k + 20105. Determine n(-54).
125
Let f(q) = 3*q**3 + 63*q**2 + 258*q - 47. Determine f(-14).
457
Let m(t) = 547*t + 38961. Determine m(-72).
-423
Let i(u) = -u**3 - 25*u**2 - 186*u - 456. Calculate i(-14).
-8
Let d(l) = 1298753*l + 80522680. Give d(-62).
-6
Let y(v) = -2*v**3 - 31*v**2 + 12*v + 60. Calculate y(-16).
124
Let g(i) = -i**3 + 15794*i + 31583. Calculate g(-2).
3
Let h(r) = 930*r + 12914. Calculate h(-13).
824
Let z(a) = -3065*a + 1069875. What is z(349)?
190
Let r(y) = 177*y + 27266. Give r(-153).
185
Let c(p) = -p**2 - 86377*p + 259128. Give c(3).
-12
Let l(j) = 9286*j**2 - 37138*j - 16. Give l(4).
8
Let j(w) = -1238043*w + 28475001. Calculate j(23).
12
Let a(t) = -3*t**2 - 37732*t + 75471. Determine a(2).
-5
Let k(z) = -22*z**3 + 125*z**2 - 132*z - 28. Give k(5).
-313
Let r(i) = -i**2 - 173*i - 2739. Calculate r(-18).
51
Let v(w) = -9*w**3 - 19*w - 1341. Calculate v(0).
-1341
Let o(f) = -504*f - 14533. Determine o(-29).
83
Let b(l) = 2*l**3 - 77*l**2 - 22544*l + 858123. Calculate b(38).
7
Let v(c) = c**3 - 637*c**2 + 9916*c - 8772. Give v(15).
18
Let k(x) = 7038*x - 105789. Give k(15).
-219
Let w(s) = s**2 + 157*s + 3041. Give w(-148).
1709
Let d(k) = -k**3 + 409*k + 8024. Determine d(-20).
7844
Let z(o) = o**3 - 267*o**2 - 60290*o + 1163. Give z(-146).
-5
Let r(g) = -94316*g + 8865717. Determine r(94).
13
Let m(w) = -122*w**2 - 862*w - 1259. What is m(-5)?
1
Let a(h) = -923*h**2 - 32335*h - 1031. Determine a(-35).
19
Let b(k) = -5551*k + 104841. Give b(19).
-628
Let t(q) = 109252*q + 4807091. What is t(-44)?
3
Let p(w) = -w**3 + 271*w**2 + 2142*w + 25119. Give p(279).
9
Let y(a) = -130201*a - 130208. Calculate y(-1).
-7
Let y(i) = -126838*i - 7863960. Determine y(-62).
-4
Let k(g) = -151283*g + 605145. Calculate k(4).
13
Let c(p) = 236*p**2 - 913*p - 1185. Determine c(5).
150
Let c(s) = -s**2 + 428*s - 38074. Calculate c(126).
-22
Let n(a) = a**3 - 38*a**2 - 101*a + 3140. Determine n(37).
-1966
Let g(z) = -8594*z + 42983. Calculate g(5).
13
Let k(d) = -400*d**2 - 1632*d - 130. What is k(-4)?
-2
Let x(n) = 206*n - 1009. Determine x(8).
639
Let m(q) = -38*q**2 - 12424*q + 631. Give m(-327).
-23
Let y(g) = 259558*g + 2855158. Determine y(-11).
20
Let g(m) = m**2 + 462*m + 14057. Determine g(-429).
-100
Let k(f) = -f**3 + 482*f**2 + 17012*f + 555. What is k(-33)?
-6
Let l(o) = -14542*o - 72735. Calculate l(-5).
-25
Let d(f) = -2*f**2 + 3988*f + 40404. Calculate d(-10).
324
Let z(l) = -182*l**2 + 4548*l + 61. Give z(25).
11
Let q(l) = 4558*l - 1333. Determine q(0).
-1333
Let f(p) = -2*p**2 - 295*p + 325. Determine f(-140).
2425
Let c(g) = -2*g**3 + 393*g**2 + 1811*g - 365. What is c(201)?
37
Let k(n) = -270*n + 176303. Give k(653).
-7
Let l(t) = 510*t - 22775. Give l(45).
175
Let p(i) = -i**2 - 1374*i + 720537. Give p(405).
42
Let l(y) = -4*y**3 - 10*y**2 - 552*y - 2198. What is l(-4)?
106
Let z(q) = -q**3 + 37*q**2 - 195*q + 73. What is z(6)?
19
Let l(y) = 98*y - 892. Determine l(9).
-10
Let t(l) = -3*l**2 - 102*l - 144. Determine t(-36).
-360
Let c(o) = -o**3 - 247*o**2 - 333*o - 21407. What is c(-246)?
-5
Let j(p) = -13*p**3 - 6*p**2 + 32*p + 8. Determine j(4).
-792
Let r(m) = 13551*m + 257348. Calculate r(-19).
-121
Let b(s) = 16*s**2 + 14594*s + 16401. Determine b(-911).
3
Let g(p) = -2*p**3 - 65*p**2 + 2409*p + 53702. Determine g(-46).
20
Let u(q) = 17*q**2 - 145*q + 790. Give u(6).
532
Let i(z) = 3*z**2 + 154*z + 2058. Calculate i(-27).
87
Let d(p) = 2143*p + 2339. Calculate d(-1).
196
Let p(i) = 2*i**2 + 13525*i - 81254. Determine p(6).
-32
Let a(n) = -22*n**2 - 3478*n - 210. What is a(-158)?
106
Let n(f) = 4*f**2 - 816*f - 566790. Calculate n(492).
-6
Let s(a) = a**2 + 392*a - 105979. Give s(184).
5
Let g(t) = -11*t**2 - 181*t + 2820. Calculate g(17).
-3436
Let l(q) = -q**3 - 4*q**2 - 10405*q - 3. Calculate l(0).
-3
Let x(d) = 3385*d - 270786. Determine x(80).
14
Let l(z) = -1733*z - 7258. Give l(-4).
-326
Let v(s) = -s**3 + 311*s**2